culate the remainder when 3336081 is divided by 19624.
1
What is the remainder when 814439 is divided by 15968?
71
Calculate the remainder when 78402779 is divided by 23.
11
What is the remainder when 5125899 is divided by 25?
24
Calculate the remainder when 170204 is divided by 42275.
1104
Calculate the remainder when 983401 is divided by 3.
1
Calculate the remainder when 277435 is divided by 55487.
0
Calculate the remainder when 1360287 is divided by 85.
32
Calculate the remainder when 1345188 is divided by 929.
925
What is the remainder when 1503711 is divided by 115669?
14
What is the remainder when 1386562 is divided by 674?
144
What is the remainder when 919447 is divided by 2414?
2127
Calculate the remainder when 4238411 is divided by 211914.
131
What is the remainder when 14102 is divided by 950?
802
Calculate the remainder when 58656199 is divided by 58656184.
15
Calculate the remainder when 32687 is divided by 6387.
752
Calculate the remainder when 2019637 is divided by 84146.
133
Calculate the remainder when 46077849 is divided by 235091.
13
What is the remainder when 8188633 is divided by 3104?
281
What is the remainder when 107872 is divided by 107810?
62
What is the remainder when 11336174 is divided by 156?
122
Calculate the remainder when 474603 is divided by 525.
3
What is the remainder when 6947075 is divided by 1736766?
11
Calculate the remainder when 306752511 is divided by 176.
175
Calculate the remainder when 3091657 is divided by 1495.
1492
What is the remainder when 1137297 is divided by 3168?
3153
Calculate the remainder when 2678971 is divided by 5412.
31
What is the remainder when 4429325 is divided by 718?
701
Calculate the remainder when 183993 is divided by 183978.
15
What is the remainder when 11352 is divided by 5628?
96
Calculate the remainder when 6591 is divided by 1632.
63
Calculate the remainder when 2799691 is divided by 208.
11
Calculate the remainder when 157971796 is divided by 419.
416
What is the remainder when 10494658 is divided by 454?
448
Calculate the remainder when 3704102 is divided by 183.
182
Calculate the remainder when 191159852 is divided by 2180.
12
What is the remainder when 3325994 is divided by 59?
46
What is the remainder when 215954 is divided by 107896?
162
What is the remainder when 3764106 is divided by 513?
225
What is the remainder when 15218140 is divided by 57?
52
Calculate the remainder when 1967 is divided by 620.
107
Calculate the remainder when 382919 is divided by 4245.
869
What is the remainder when 324971 is divided by 1832?
707
What is the remainder when 3760907 is divided by 3760893?
14
What is the remainder when 14131 is divided by 3301?
927
Calculate the remainder when 149346579 is divided by 530.
529
Calculate the remainder when 177981 is divided by 352.
221
Calculate the remainder when 2026370 is divided by 917.
717
What is the remainder when 21592 is divided by 226?
122
Calculate the remainder when 3229865 is divided by 251.
248
Calculate the remainder when 1416271 is divided by 7612.
439
What is the remainder when 1262465 is divided by 1646?
1629
What is the remainder when 3400266 is divided by 1133417?
15
Calculate the remainder when 1414622 is divided by 239.
220
Calculate the remainder when 993186 is divided by 33104.
66
What is the remainder when 125006 is divided by 267?
50
What is the remainder when 391707 is divided by 129718?
2553
What is the remainder when 119974646 is divided by 39991547?
5
Calculate the remainder when 342469 is divided by 721.
715
Calculate the remainder when 671333 is divided by 3647.
285
Calculate the remainder when 18620 is divided by 17778.
842
Calculate the remainder when 16191032 is divided by 51.
11
Calculate the remainder when 241394 is divided by 30174.
2
Calculate the remainder when 646303 is divided by 2133.
4
What is the remainder when 38351186 is divided by 22467?
17
What is the remainder when 3628756 is divided by 164942?
32
What is the remainder when 4266009 is divided by 694?
685
Calculate the remainder when 30096315 is divided by 321.
318
What is the remainder when 1235845 is divided by 3521?
3495
What is the remainder when 789768 is divided by 35?
28
Calculate the remainder when 762551 is divided by 1647.
1637
Calculate the remainder when 2203549 is divided by 871.
790
Calculate the remainder when 4128086 is divided by 89741.
0
Calculate the remainder when 25952881 is divided by 141.
139
What is the remainder when 1404856 is divided by 127?
109
Calculate the remainder when 1657094 is divided by 20.
14
Calculate the remainder when 100632 is divided by 33231.
939
What is the remainder when 91624 is divided by 3430?
2444
Calculate the remainder when 262347074 is divided by 3560.
3554
What is the remainder when 412377 is divided by 244?
17
Calculate the remainder when 33422511 is divided by 4.
3
What is the remainder when 1820077 is divided by 22470?
7
What is the remainder when 25577474 is divided by 102?
56
What is the remainder when 485980 is divided by 98?
96
Calculate the remainder when 7447978 is divided by 285.
73
What is the remainder when 523941 is divided by 2864?
2693
What is the remainder when 3489904 is divided by 268?
8
What is the remainder when 55018 is divided by 440?
18
Calculate the remainder when 16829217 is divided by 17.
16
What is the remainder when 2869866 is divided by 656?
522
Calculate the remainder when 601379 is divided by 2140.
39
What is the remainder when 7570092 is divided by 747?
741
Calculate the remainder when 3098529 is divided by 1248.
993
Calculate the remainder when 15770 is divided by 353.
238
What is the remainder when 24317650 is divided by 438?
328
Calculate the remainder when 39465323 is divided by 775.
773
What is the remainder when 383137 is divided by 205?
197
Calculate the remainder when 7700137 is divided by 1366.
1361
Calculate the remainder when 72729 is divided by 738.
405
What is the remainder when 822624 is divided by 411283?
58
Calculate the remainder when 47640590 is divided by 5449.
5432
Calculate the remainder when 11797808 is divided by 1010.
1008
What is the remainder when 672777 is divided by 9?
0
What is the remainder when 2946404 is divided by 55?
54
Calculate the remainder when 184505 is divided by 46027.
397
Calculate the remainder when 1360388 is divided by 1360072.
316
What is the remainder when 2256603 is divided by 564140?
43
What is the remainder when 113591 is divided by 27949?
1795
Calculate the remainder when 999152 is divided by 6751.
4
What is the remainder when 2306937 is divided by 1533?
1305
What is the remainder when 29720 is divided by 29715?
5
What is the remainder when 84496 is divided by 1490?
1056
Calculate the remainder when 30575452 is divided by 934.
28
Calculate the remainder when 247012625 is divided by 9.
2
Calculate the remainder when 1143637 is divided by 103966.
11
Calculate the remainder when 144085 is divided by 35482.
2157
What is the remainder when 223185 is divided by 55791?
21
Calculate the remainder when 34544419 is divided by 7461.
7450
Calculate the remainder when 280762 is divided by 139539.
1684
What is the remainder when 1183096 is divided by 2742?
1294
What is the remainder when 11649236 is divided by 2329844?
16
Calculate the remainder when 17093933 is divided by 5954.
5953
What is the remainder when 516859 is divided by 129206?
35
What is the remainder when 186733 is divided by 461?
28
Calculate the remainder when 15451 is divided by 2563.
73
Calculate the remainder when 19551130 is divided by 471.
391
Calculate the remainder when 31546 is divided by 10478.
112
Calculate the remainder when 603942 is divided by 150982.
14
What is the remainder when 71900 is divided by 73?
68
What is the remainder when 893313 is divided by 969?
864
What is the remainder when 76723 is divided by 34?
19
What is the remainder when 7131642 is divided by 3211?
11
Calculate the remainder when 175947 is divided by 8425.
7447
What is the remainder when 217898 is divided by 2562?
128
What is the remainder when 1009524 is divided by 5200?
724
Calculate the remainder when 47887384 is divided by 46765.
24
Calculate the remainder when 1100791 is divided by 550273.
245
What is the remainder when 19171 is divided by 907?
124
What is the remai